774 is divided by 1638?
1562
What is the remainder when 10306830 is divided by 59577?
9
Calculate the remainder when 19476280 is divided by 156.
148
Calculate the remainder when 221030 is divided by 4414.
330
Calculate the remainder when 654355 is divided by 2322.
1873
What is the remainder when 14758003 is divided by 554?
551
What is the remainder when 387572 is divided by 38755?
22
What is the remainder when 102803799 is divided by 3426793?
9
What is the remainder when 43017 is divided by 943?
582
What is the remainder when 829093 is divided by 206871?
1609
Calculate the remainder when 29448 is divided by 7201.
644
Calculate the remainder when 94593919 is divided by 122.
121
What is the remainder when 41388 is divided by 1664?
1452
Calculate the remainder when 67996458 is divided by 140.
138
Calculate the remainder when 1626768 is divided by 703.
26
Calculate the remainder when 5452157 is divided by 513.
506
What is the remainder when 219163 is divided by 824?
803
Calculate the remainder when 374523741 is divided by 14.
11
Calculate the remainder when 512578914 is divided by 645.
639
What is the remainder when 1014819 is divided by 2132?
2119
What is the remainder when 12373121 is divided by 1577?
1556
What is the remainder when 47571289 is divided by 65?
64
Calculate the remainder when 2231084 is divided by 3956.
3856
Calculate the remainder when 14185931 is divided by 109.
17
Calculate the remainder when 188345087 is divided by 11.
7
What is the remainder when 263479 is divided by 131636?
207
What is the remainder when 310394 is divided by 77561?
150
What is the remainder when 258505 is divided by 21?
16
What is the remainder when 440844 is divided by 51?
0
What is the remainder when 65388059 is divided by 36?
35
Calculate the remainder when 3199112 is divided by 54.
44
What is the remainder when 63407242 is divided by 12681448?
2
What is the remainder when 4150227 is divided by 608?
19
What is the remainder when 277833 is divided by 62?
11
What is the remainder when 5294752 is divided by 396?
232
Calculate the remainder when 123381 is divided by 6164.
101
What is the remainder when 658072 is divided by 102?
70
Calculate the remainder when 2556859 is divided by 27789.
271
Calculate the remainder when 18125993 is divided by 196.
109
What is the remainder when 198181 is divided by 9436?
25
Calculate the remainder when 1749936 is divided by 71.
70
Calculate the remainder when 1177208 is divided by 392388.
44
What is the remainder when 75116856 is divided by 1385?
1381
Calculate the remainder when 14787219 is divided by 146408.
11
What is the remainder when 4354929 is divided by 870983?
14
Calculate the remainder when 557735 is divided by 111545.
10
What is the remainder when 941813 is divided by 5?
3
Calculate the remainder when 631893 is divided by 281.
205
What is the remainder when 1378100 is divided by 5447?
9
Calculate the remainder when 91617 is divided by 1582.
1443
Calculate the remainder when 1826937 is divided by 448.
441
What is the remainder when 763058 is divided by 69?
56
What is the remainder when 100046226 is divided by 7008?
18
Calculate the remainder when 27867437 is divided by 9289140.
17
What is the remainder when 780771 is divided by 1117?
1105
What is the remainder when 861450609 is divided by 6?
3
What is the remainder when 10608225 is divided by 3658?
25
Calculate the remainder when 1543608 is divided by 8.
0
Calculate the remainder when 1004155 is divided by 884.
815
What is the remainder when 148453 is divided by 1247?
60
What is the remainder when 15917 is divided by 7516?
885
Calculate the remainder when 99356 is divided by 871.
62
Calculate the remainder when 3090134 is divided by 30595.
39
Calculate the remainder when 3215368 is divided by 3193.
17
Calculate the remainder when 2683134 is divided by 8884.
166
What is the remainder when 1634785 is divided by 8215?
0
Calculate the remainder when 1764570 is divided by 9.
3
What is the remainder when 2437356 is divided by 285?
36
What is the remainder when 1011291114 is divided by 15?
9
Calculate the remainder when 51976373 is divided by 25988180.
13
What is the remainder when 24535431 is divided by 23?
20
Calculate the remainder when 4484029 is divided by 2241915.
199
Calculate the remainder when 114236707 is divided by 28559175.
7
Calculate the remainder when 930002 is divided by 71508.
398
Calculate the remainder when 29086 is divided by 4143.
85
Calculate the remainder when 15043698 is divided by 16865.
118
What is the remainder when 58649154 is divided by 377?
18
Calculate the remainder when 42594576 is divided by 12730.
12726
What is the remainder when 26355709 is divided by 33?
28
What is the remainder when 9329009 is divided by 154?
151
What is the remainder when 26856328 is divided by 162?
130
What is the remainder when 3764252 is divided by 259?
205
Calculate the remainder when 31585 is divided by 18.
13
Calculate the remainder when 87666 is divided by 520.
306
What is the remainder when 49629 is divided by 12338?
277
Calculate the remainder when 575036 is divided by 191446.
698
Calculate the remainder when 11930799 is divided by 228.
15
What is the remainder when 694089 is divided by 231014?
1047
Calculate the remainder when 1881146 is divided by 158.
156
Calculate the remainder when 408064 is divided by 1729.
20
What is the remainder when 13495 is divided by 4306?
577
What is the remainder when 4021794 is divided by 1379?
630
What is the remainder when 1152352 is divided by 287?
47
Calculate the remainder when 1150631 is divided by 3384.
71
Calculate the remainder when 12431 is divided by 4226.
3979
Calculate the remainder when 618604 is divided by 15851.
415
Calculate the remainder when 35784 is divided by 28693.
7091
Calculate the remainder when 2221118 is divided by 160.
158
What is the remainder when 3078971 is divided by 769741?
7
Calculate the remainder when 982385 is divided by 981825.
560
Calculate the remainder when 709733 is divided by 814.
739
Calculate the remainder when 133364 is divided by 65706.
1952
What is the remainder when 5204033 is divided by 1755?
458
Calculate the remainder when 1082719 is divided by 38665.
99
Calculate the remainder when 55247 is divided by 9039.
1013
Calculate the remainder when 45169682 is divided by 621.
5
Calculate the remainder when 1358832 is divided by 161.
153
What is the remainder when 10026127 is divided by 7?
6
What is the remainder when 1138203 is divided by 2706?
1683
What is the remainder when 1168381 is divided by 534?
523
What is the remainder when 67264 is divided by 66962?
302
What is the remainder when 16563563 is divided by 112?
107
What is the remainder when 1490639 is divided by 340?
79
Calculate the remainder when 6017731 is divided by 32.
3
What is the remainder when 67576 is divided by 2498?
130
What is the remainder when 2232366 is divided by 549?
132
Calculate the remainder when 64445 is divided by 12886.
15
What is the remainder when 208079 is divided by 34589?
545
What is the remainder when 153834 is divided by 5105?
684
Calculate the remainder when 340221 is divided by 42526.
13
Calculate the remainder when 8526297 is divided by 1212.
1089
What is the remainder when 151818 is divided by 439?
363
Calculate the remainder when 327018 is divided by 20.
18
What is the remainder when 2049947 is divided by 73210?
67
Calculate the remainder when 11041 is divided by 176.
129
What is the remainder when 3475782 is divided by 842?
6
Calculate the remainder when 179619 is divided by 1009.
17
Calculate the remainder when 174114470 is divided by 12.
2
Calculate the remainder when 1746026 is divided by 1423.
5
What is the remainder when 658539 is divided by 17329?
37
What is the remainder when 2229484 is divided by 4121?
23
Calculate the remainder when 220543 is divided by 372.
319
Calculate the remainder when 141006915 is divided by 61.
47
Calculate the remainder when 290922 is divided by 96958.
48
Calculate the remainder when 3766491 is divided by 1350.
1341
Calculate the remainder when 377767 is divided by 12592.
7
What is the remainder when 790654 is divided by 158127?
19
What is the remainder when 2253296 is divided by 17?
14
What is the remainder when 208049884 is divided by 14638?
14628
Cal